= 1609*i**2 - 6*i - 2. Calculate g(-1).
1613
Let q(r) = -98*r - 74345. Determine q(-758).
-61
Let w(n) = 7*n**2 - 2276*n + 4526. Determine w(2).
2
Let l(i) = i**3 + 28*i**2 - 16789*i - 486027. Calculate l(-29).
13
Let v(b) = 329*b - 239297. Give v(727).
-114
Let v(x) = 56*x**2 - 15408*x + 2205. What is v(275)?
5
Let j(c) = 506*c - 871. What is j(3)?
647
Let g(v) = -5*v**2 - 133*v + 46848. Determine g(-111).
6
Let l(r) = 4*r**2 + 154*r - 41. Calculate l(-49).
2017
Let m(z) = -z**3 + 124*z**2 - 1847*z + 148986. Give m(119).
-2
Let p(u) = -498*u + 12068. Determine p(23).
614
Let q(x) = -4*x**2 - 400*x - 1080. Determine q(-98).
-296
Let f(r) = r**3 + 7*r**2 - 238*r - 4011. Determine f(18).
-195
Let h(y) = -y**2 + 77*y + 2082. Determine h(98).
24
Let o(b) = 85*b**2 + 2081*b + 11526. Calculate o(-16).
-10
Let d(z) = -z**2 - 12996*z - 1685305. Give d(-131).
10
Let q(x) = 796*x + 10963. Calculate q(-14).
-181
Let m(a) = -68977*a + 2276260. Give m(33).
19
Let m(y) = 3*y**2 + 194*y - 36977. Give m(82).
-897
Let z(o) = 18388*o + 349378. What is z(-19)?
6
Let o(h) = -4*h**3 + 710*h**2 + 297*h + 10509. Give o(178).
7
Let d(t) = 113*t + 12701. What is d(-114)?
-181
Let r(m) = -44*m**3 + 1667*m**2 + 184*m + 223. Calculate r(38).
-5
Let t(l) = -7*l**2 + 2670*l + 19013. What is t(-7)?
-20
Let l(t) = t**3 - 994*t**2 - 11087*t + 32124. What is l(1005)?
-36
Let t(r) = 2*r**3 - 16*r**2 + 33*r - 140. Calculate t(11).
949
Let c(x) = 4818*x + 71972. What is c(-15)?
-298
Let m(n) = 12*n**2 - 63*n - 575. Calculate m(-6).
235
Let k(a) = -15426*a + 30858. Determine k(2).
6
Let f(h) = 1542*h + 10546. Determine f(-8).
-1790
Let v(r) = r**3 - 128*r**2 - 3651*r + 267. Calculate v(152).
-189
Let j(g) = 241687*g + 109484205. Calculate j(-453).
-6
Let t(s) = -8731*s - 1012885. Determine t(-116).
-89
Let c(z) = 18*z**2 - 156*z + 279. What is c(2)?
39
Let z(c) = 2514*c - 10818. What is z(5)?
1752
Let o(k) = 3*k**3 - 515*k**2 + 770*k + 13768. Determine o(170).
168
Let o(v) = -2*v**2 + 429*v + 146. Give o(215).
-69
Let j(r) = -29*r + 210. Determine j(-4).
326
Let t(k) = 1313*k - 3249. Calculate t(2).
-623
Let f(g) = 20*g**3 - 3919*g**2 - 214*g + 3516. Calculate f(196).
-12
Let l(a) = -43*a**2 - 1233*a + 397. Give l(-29).
-9
Let o(i) = 13*i**2 - 4931*i + 54087. Calculate o(368).
-9
Let f(p) = -p**2 + 6*p + 892. Calculate f(-58).
-2820
Let f(z) = -z**3 + 1118*z**2 - 7916*z + 154424. Determine f(1111).
-5
Let x(q) = -31*q**3 - 169*q**2 + 334*q - 164. Calculate x(1).
-30
Let b(x) = -38377*x - 230072. Determine b(-6).
190
Let k(n) = -n**2 + 4048*n + 258981. Determine k(-63).
-12
Let j(p) = -12217*p + 36565. Calculate j(3).
-86
Let j(k) = -k**2 + 20111*k + 1838388. Calculate j(-91).
6
Let s(i) = -1566*i - 56381. What is s(-36)?
-5
Let s(l) = -l**3 + 42*l**2 - 8*l + 8. Calculate s(0).
8
Let y(x) = -9*x**2 - 140*x - 212. Determine y(-7).
327
Let o(s) = s**3 + 68*s**2 + 439*s + 11713. Calculate o(-64).
1
Let x(f) = -2474*f - 150909. What is x(-61)?
5
Let h(m) = 3*m**2 + 4824*m + 4819. Calculate h(-1).
-2
Let l(i) = 17*i**2 - 158*i - 642. Give l(-7).
1297
Let h(z) = -54574*z - 163714. Calculate h(-3).
8
Let v(s) = 18818*s - 790358. Determine v(42).
-2
Let o(u) = u**2 + 167*u + 3045. Determine o(-18).
363
Let d(q) = -60*q**2 - 554*q - 513. Determine d(-9).
-387
Let r(x) = -x**3 - 59*x**2 - 52*x + 289. Give r(-58).
-59
Let b(u) = -1182*u - 117. Determine b(0).
-117
Let a(d) = -21*d**2 + 1729*d - 10145. Calculate a(6).
-527
Let p(f) = 4270*f + 25604. Give p(-6).
-16
Let r(v) = -v**3 + 23*v**2 + 52*v - 123. Determine r(25).
-73
Let y(w) = 3*w**2 - 80307*w + 240898. Calculate y(3).
4
Let v(f) = -11*f**3 - 1308*f**2 + 50*f - 8209. Determine v(-119).
2
Let l(j) = 31*j**2 - 44*j + 38. Calculate l(3).
185
Let t(q) = -q**2 - 2375*q - 79592. Determine t(-34).
2
Let u(b) = -b**3 - 2*b**2 + 52*b - 137. Determine u(0).
-137
Let g(y) = -45*y**3 + 274*y**2 - 41*y + 91. Give g(6).
-11
Let y(b) = -14*b**2 - 547*b + 211. Calculate y(-40).
-309
Let t(g) = -g**2 + 2215*g - 35177. Give t(16).
7
Let g(m) = -4*m**3 - 8*m**2 - 563*m + 3446. Give g(6).
-1084
Let v(h) = -9*h**2 + 2133*h - 47697. Calculate v(25).
3
Let f(t) = -t**3 + 181*t**2 - 6036*t - 23490. Determine f(135).
0
Let j(m) = -2*m**2 - 3992*m - 125845. Give j(-32).
-149
Let d(y) = y**3 - 129*y**2 - 3668*y - 347. What is d(153)?
265
Let f(w) = -114*w**2 + 10298*w - 3429. Determine f(90).
-9
Let n(v) = v**3 + 134*v**2 - 158*v + 54387. Determine n(-138).
15
Let x(b) = -679*b + 22837. Calculate x(32).
1109
Let c(g) = 92*g + 28515. Determine c(-310).
-5
Let i(y) = 189*y**2 - 744*y + 7. Determine i(4).
55
Let i(t) = -5*t**3 + 676*t**2 + 681*t - 18642. Determine i(136).
-10
Let s(t) = -4*t + 36. What is s(-26)?
140
Let a(u) = -197*u**2 + 951*u - 648. Calculate a(4).
4
Let v(q) = -3367*q - 16746. Determine v(-5).
89
Let p(z) = z**3 - 18*z**2 + 71*z - 125. What is p(14)?
85
Let s(i) = 443*i + 22571. What is s(-53)?
-908
Let f(m) = 2685*m - 147497. Calculate f(55).
178
Let c(p) = -980*p - 13310. Determine c(-10).
-3510
Let f(j) = -j**2 - 7381*j + 103534. Give f(14).
4
Let o(x) = -x**3 + 228*x**2 - 7*x + 1536. Give o(228).
-60
Let n(j) = 2*j**3 - 148*j**2 + 83*j - 5981. Calculate n(74).
161
Let u(s) = -2*s**3 + 22*s**2 + 434*s + 111. Determine u(-10).
-29
Let i(v) = 4*v**2 - 258*v - 9571. What is i(87)?
-1741
Let u(a) = 38896*a + 118085. What is u(-3)?
1397
Let i(h) = -3*h**2 + 546*h - 12505. Calculate i(24).
-1129
Let c(v) = 1835*v + 16653. What is c(-9)?
138
Let m(r) = -126*r**2 - 2640*r + 128. Give m(-21).
2
Let a(s) = -869718*s - 2609144. Give a(-3).
10
Let a(c) = -3*c**2 - 56*c + 661. Calculate a(-30).
-359
Let d(h) = -173*h - 29136. Calculate d(-169).
101
Let y(g) = -g**2 + 344*g - 4036. Give y(12).
-52
Let d(w) = -147*w - 19303. Give d(-131).
-46
Let f(q) = 120*q - 11597. Determine f(97).
43
Let b(r) = -r**2 + 6473*r + 88. Give b(0).
88
Let r(c) = -2822*c**2 + 4652*c + 4653. Give r(-1).
-2821
Let r(x) = -5*x**3 - 3260*x**2 + 3226*x + 34. Determine r(1).
-5
Let l(h) = -h**3 - 191*h**2 - 371*h + 1241. Give l(-189).
-82
Let u(v) = v**3 - 91*v**2 + 575*v - 319. Determine u(85).
5206
Let w(h) = 16*h**3 + 1011*h**2 + 191*h + 138. What is w(-63)?
12
Let n(p) = -50828*p + 355817. What is n(7)?
21
Let f(c) = 7151*c - 122363. Give f(17).
-796
Let l(r) = -r**3 - 23*r**2 + 1848*r + 39687. Calculate l(-21).
-3
Let g(m) = 5634*m - 128585. Determine g(23).
997
Let h(f) = -85*f**3 - 7*f**2 + 45*f - 67. What is h(2)?
-685
Let w(f) = -f**3 - 87*f**2 + 3219*f - 157. What is w(-115)?
-42
Let d(p) = -p**3 - 9*p**2 + 191*p + 1790. Give d(-10).
-20
Let u(v) = 2*v**3 + 50*v**2 + 31*v - 215. Give u(-24).
193
Let c(a) = -475*a + 9042. What is c(19)?
17
Let c(t) = 2*t**3 - 122*t**2 + 3*t + 7. Give c(62).
7881
Let k(q) = 2*q**3 + 184*q**2 - 331*q + 4209. Calculate k(-94).
-21
Let i(n) = 6*n**3 + 575*n**2 - 72*n - 583. What is i(-96)?
-2887
Let o(r) = 3291*r - 2921. Determine o(1).
370
Let s(a) = 4*a**2 - 10501*a - 62976. What is s(-6)?
174
Let s(g) = -16*g**3 - 60*g**2 - 43*g + 37. What is s(-3)?
58
Let c(i) = -21784*i - 1524893. What is c(-70)?
-13
Let j(q) = -11172*q + 134034. Determine j(12).
-30
Let h(v) = v**3 + 10*v**2 + 1671*v + 14966. Determine h(-9).
8
Let w(z) = 2*z**3 - 177*z**2 - 269*z - 3. Calculate w(90).
87
Let s(v) = -2192*v - 56986. Determine s(-26).
6
Let b(q) = -q**3 - 27*q**2 - 1496*q - 9482. What is b(-7)?
10
Let g(d) = -d**3 - 8*d**2 + 22*d + 66. What is g(-9)?
-51
Let l(n) = -1420*n**2 - 8611*n - 546. What is l(-6)?
0
Let m(b) = b**2 - 133*b + 2885. Calculate m(25).
185
Let k(y) = 1107*y - 22096. Determine k(22).
2258
Let a(v) = -10756*v + 182874. Determine a(17).
22
Let z(i) = 10211*i**2 + 1327434*i + 514. Determine z(-130).
-6
Let r(d) = -1513*d - 3413. Determine r(-2).
-387
Let z(i) = i**3 + 11*i**2 + 3514*i + 17477. What is z(-5)?
57
Let k(r) = 2*r**2 - 479*r - 13074. Determine k(-25).
151
Let o(p) = -p**3 - 124*p**2 - 206*p + 5421. Determine o(-122).
785
Let l(f) = 13*f**3 + 65*f**2 - 22*f - 265. Give l(-4).
31
Let w(m) = -2*m**2 - 978*m + 23593. Calculate w(23).
41
Let j(d) = -4334*d**2 + 8663*d + 7. What is j(2)?
-3
Let u(h) = 1704*h + 1688. Calculate u(-1).
-16
Let j(p) = -3*p**2 + 6437*p - 57694. What is j(9)?
-4
Let p(l) = -9*l**3 + 41*l**2 + 152*l